{"version":"1.0","provider_name":"C\u00e1mara de Comercio de Valencia","provider_url":"https:\/\/dev.camaravalencia.com\/va\/","author_name":"\u00c1rea TIC","author_url":"https:\/\/dev.camaravalencia.com\/va\/author\/tic\/","title":"Pyme Digital: Cambios y novedades del \u201cnuevo TICC\u00e1maras\u201d - C\u00e1mara de Comercio de Valencia","type":"rich","width":600,"height":338,"html":"<blockquote class=\"wp-embedded-content\" data-secret=\"VdmvfiTj27\"><a href=\"https:\/\/dev.camaravalencia.com\/jornadas\/pyme-digital-cambios-y-novedades-del-nuevo-ticcamaras\/\">Pyme Digital: Cambios y novedades del \u201cnuevo TICC\u00e1maras\u201d<\/a><\/blockquote><iframe sandbox=\"allow-scripts\" security=\"restricted\" src=\"https:\/\/dev.camaravalencia.com\/jornadas\/pyme-digital-cambios-y-novedades-del-nuevo-ticcamaras\/embed\/#?secret=VdmvfiTj27\" width=\"600\" height=\"338\" title=\"&#8220;Pyme Digital: Cambios y novedades del \u201cnuevo TICC\u00e1maras\u201d&#8221; &#8212; C\u00e1mara de Comercio de Valencia\" data-secret=\"VdmvfiTj27\" frameborder=\"0\" marginwidth=\"0\" marginheight=\"0\" scrolling=\"no\" class=\"wp-embedded-content\"><\/iframe><script>\n\/*! This file is auto-generated *\/\n!function(d,l){\"use strict\";l.querySelector&&d.addEventListener&&\"undefined\"!=typeof URL&&(d.wp=d.wp||{},d.wp.receiveEmbedMessage||(d.wp.receiveEmbedMessage=function(e){var t=e.data;if((t||t.secret||t.message||t.value)&&!\/[^a-zA-Z0-9]\/.test(t.secret)){for(var s,r,n,a=l.querySelectorAll('iframe[data-secret=\"'+t.secret+'\"]'),o=l.querySelectorAll('blockquote[data-secret=\"'+t.secret+'\"]'),c=new RegExp(\"^https?:$\",\"i\"),i=0;i<o.length;i++)o[i].style.display=\"none\";for(i=0;i<a.length;i++)s=a[i],e.source===s.contentWindow&&(s.removeAttribute(\"style\"),\"height\"===t.message?(1e3<(r=parseInt(t.value,10))?r=1e3:~~r<200&&(r=200),s.height=r):\"link\"===t.message&&(r=new URL(s.getAttribute(\"src\")),n=new URL(t.value),c.test(n.protocol))&&n.host===r.host&&l.activeElement===s&&(d.top.location.href=t.value))}},d.addEventListener(\"message\",d.wp.receiveEmbedMessage,!1),l.addEventListener(\"DOMContentLoaded\",function(){for(var e,t,s=l.querySelectorAll(\"iframe.wp-embedded-content\"),r=0;r<s.length;r++)(t=(e=s[r]).getAttribute(\"data-secret\"))||(t=Math.random().toString(36).substring(2,12),e.src+=\"#?secret=\"+t,e.setAttribute(\"data-secret\",t)),e.contentWindow.postMessage({message:\"ready\",secret:t},\"*\")},!1)))}(window,document);\n<\/script>\n","thumbnail_url":"https:\/\/dev.camaravalencia.com\/wp-content\/uploads\/2024\/03\/Pyme-Digital_-Cambios-y-novedades-del-nuevo-TICCamaras.jpg","thumbnail_width":800,"thumbnail_height":600,"description":"Tras el nuevo acuerdo marco, el programa TICC\u00e1maras se transforma en \u201cPyme Digital\u201d con muchas novedades. La intensidad de la ayuda aumenta hasta 4.200\u20ac m\u00e1s el 7% de los costes directos subvencionables.  En este webinar detallaremos algunos de los requisitos de los beneficiarios, de los que destacan:  1. Tener una cifra de negocio m\u00ednima de 100.000 \u20ac en la \u00faltima anualidad. 2. Estar dada de alta en el Censo del Impuesto de Actividades Econ\u00f3micas en la actividad objeto de subvenci\u00f3n antes del 1 de enero de 2022.  La convocatoria abrir\u00e1 en breves y estar\u00e1 disponible durante, \u00fanicamente, 5 d\u00edas, por lo que no desaproveches la oportunidad de conocer sus detalles y prepara toda la documentaci\u00f3n para solicitarla."}

Cámara de Comercio de Valencia

Área TIC

Pyme Digital: Cambios y novedades del “nuevo TICCámaras” - Cámara de Comercio de Valencia

<blockquote class="wp-embedded-content" data-secret="VdmvfiTj27"><a href="https://dev.camaravalencia.com/jornadas/pyme-digital-cambios-y-novedades-del-nuevo-ticcamaras/">Pyme Digital: Cambios y novedades del “nuevo TICCámaras”</a></blockquote><iframe sandbox="allow-scripts" security="restricted" src="https://dev.camaravalencia.com/jornadas/pyme-digital-cambios-y-novedades-del-nuevo-ticcamaras/embed/#?secret=VdmvfiTj27" width="600" height="338" title="&#8220;Pyme Digital: Cambios y novedades del “nuevo TICCámaras”&#8221; &#8212; Cámara de Comercio de Valencia" data-secret="VdmvfiTj27" frameborder="0" marginwidth="0" marginheight="0" scrolling="no" class="wp-embedded-content"></iframe><script>
/*! This file is auto-generated */
!function(d,l){"use strict";l.querySelector&&d.addEventListener&&"undefined"!=typeof URL&&(d.wp=d.wp||{},d.wp.receiveEmbedMessage||(d.wp.receiveEmbedMessage=function(e){var t=e.data;if((t||t.secret||t.message||t.value)&&!/[^a-zA-Z0-9]/.test(t.secret)){for(var s,r,n,a=l.querySelectorAll('iframe[data-secret="'+t.secret+'"]'),o=l.querySelectorAll('blockquote[data-secret="'+t.secret+'"]'),c=new RegExp("^https?:$","i"),i=0;i<o.length;i++)o[i].style.display="none";for(i=0;i<a.length;i++)s=a[i],e.source===s.contentWindow&&(s.removeAttribute("style"),"height"===t.message?(1e3<(r=parseInt(t.value,10))?r=1e3:~~r<200&&(r=200),s.height=r):"link"===t.message&&(r=new URL(s.getAttribute("src")),n=new URL(t.value),c.test(n.protocol))&&n.host===r.host&&l.activeElement===s&&(d.top.location.href=t.value))}},d.addEventListener("message",d.wp.receiveEmbedMessage,!1),l.addEventListener("DOMContentLoaded",function(){for(var e,t,s=l.querySelectorAll("iframe.wp-embedded-content"),r=0;r<s.length;r++)(t=(e=s[r]).getAttribute("data-secret"))||(t=Math.random().toString(36).substring(2,12),e.src+="#?secret="+t,e.setAttribute("data-secret",t)),e.contentWindow.postMessage({message:"ready",secret:t},"*")},!1)))}(window,document);
</script>

Tras el nuevo acuerdo marco, el programa TICCámaras se transforma en “Pyme Digital” con muchas novedades. La intensidad de la ayuda aumenta hasta 4.200€ más el 7% de los costes directos subvencionables.  En este webinar detallaremos algunos de los requisitos de los beneficiarios, de los que destacan:  1. Tener una cifra de negocio mínima de 100.000 € en la última anualidad. 2. Estar dada de alta en el Censo del Impuesto de Actividades Económicas en la actividad objeto de subvención antes del 1 de enero de 2022.  La convocatoria abrirá en breves y estará disponible durante, únicamente, 5 días, por lo que no desaproveches la oportunidad de conocer sus detalles y prepara toda la documentación para solicitarla.
