{"version":"1.0","provider_name":"C\u00e1mara de Comercio de Valencia","provider_url":"https:\/\/dev.camaravalencia.com\/va\/","author_name":"\u00c1rea TIC","author_url":"https:\/\/dev.camaravalencia.com\/va\/author\/tic\/","title":"Nuevas oportunidades para la digitalizaci\u00f3n: Gu\u00eda Completa del KIT DIGITAL - Tour Territorio - C\u00e1mara de Comercio de Valencia","type":"rich","width":600,"height":338,"html":"<blockquote class=\"wp-embedded-content\" data-secret=\"GCZhZbv4Wo\"><a href=\"https:\/\/dev.camaravalencia.com\/jornadas\/nuevas-oportunidades-para-la-digitalizacion\/\">Nuevas oportunidades para la digitalizaci\u00f3n: Gu\u00eda Completa del KIT DIGITAL &#8211; Tour Territorio<\/a><\/blockquote><iframe sandbox=\"allow-scripts\" security=\"restricted\" src=\"https:\/\/dev.camaravalencia.com\/jornadas\/nuevas-oportunidades-para-la-digitalizacion\/embed\/#?secret=GCZhZbv4Wo\" width=\"600\" height=\"338\" title=\"&#8220;Nuevas oportunidades para la digitalizaci\u00f3n: Gu\u00eda Completa del KIT DIGITAL &#8211; Tour Territorio&#8221; &#8212; C\u00e1mara de Comercio de Valencia\" data-secret=\"GCZhZbv4Wo\" frameborder=\"0\" marginwidth=\"0\" marginheight=\"0\" scrolling=\"no\" class=\"wp-embedded-content\"><\/iframe><script>\n\/*! This file is auto-generated *\/\n!function(d,l){\"use strict\";l.querySelector&&d.addEventListener&&\"undefined\"!=typeof URL&&(d.wp=d.wp||{},d.wp.receiveEmbedMessage||(d.wp.receiveEmbedMessage=function(e){var t=e.data;if((t||t.secret||t.message||t.value)&&!\/[^a-zA-Z0-9]\/.test(t.secret)){for(var s,r,n,a=l.querySelectorAll('iframe[data-secret=\"'+t.secret+'\"]'),o=l.querySelectorAll('blockquote[data-secret=\"'+t.secret+'\"]'),c=new RegExp(\"^https?:$\",\"i\"),i=0;i<o.length;i++)o[i].style.display=\"none\";for(i=0;i<a.length;i++)s=a[i],e.source===s.contentWindow&&(s.removeAttribute(\"style\"),\"height\"===t.message?(1e3<(r=parseInt(t.value,10))?r=1e3:~~r<200&&(r=200),s.height=r):\"link\"===t.message&&(r=new URL(s.getAttribute(\"src\")),n=new URL(t.value),c.test(n.protocol))&&n.host===r.host&&l.activeElement===s&&(d.top.location.href=t.value))}},d.addEventListener(\"message\",d.wp.receiveEmbedMessage,!1),l.addEventListener(\"DOMContentLoaded\",function(){for(var e,t,s=l.querySelectorAll(\"iframe.wp-embedded-content\"),r=0;r<s.length;r++)(t=(e=s[r]).getAttribute(\"data-secret\"))||(t=Math.random().toString(36).substring(2,12),e.src+=\"#?secret=\"+t,e.setAttribute(\"data-secret\",t)),e.contentWindow.postMessage({message:\"ready\",secret:t},\"*\")},!1)))}(window,document);\n<\/script>\n","thumbnail_url":"https:\/\/dev.camaravalencia.com\/wp-content\/uploads\/2024\/06\/Nuevas-oportunidades-para-la-digitalizacion.jpg","thumbnail_width":1920,"thumbnail_height":1080,"description":"\u00bfQu\u00e9 es el Tour Territorio Digital? Jornadas y talleres de tem\u00e1tica de digitalizaci\u00f3n que se realizar\u00e1n durante todo el a\u00f1o y en diferentes municipios. C\u00e1mara Valencia en colaboraci\u00f3n con Diputaci\u00f3n de Valencia realizan la 4ta edici\u00f3n del Tour Territorio Digital, que tiene como novedad la realizaci\u00f3n de eventos durante todo el a\u00f1o y en distintos municipios de la provincia de Valencia.  Con el objetivo de seguir activando y dinamizando el tejido empresarial valenciano, fomentar su innovaci\u00f3n y apoyar el cambio de sus procesos de negocio, durante el 2023 todos los eventos y jornadas ser\u00e1n espec\u00edficos y adaptados a las necesidades de las empresas."}

Cámara de Comercio de Valencia

Área TIC

Nuevas oportunidades para la digitalización: Guía Completa del KIT DIGITAL - Tour Territorio - Cámara de Comercio de Valencia

<blockquote class="wp-embedded-content" data-secret="GCZhZbv4Wo"><a href="https://dev.camaravalencia.com/jornadas/nuevas-oportunidades-para-la-digitalizacion/">Nuevas oportunidades para la digitalización: Guía Completa del KIT DIGITAL &#8211; Tour Territorio</a></blockquote><iframe sandbox="allow-scripts" security="restricted" src="https://dev.camaravalencia.com/jornadas/nuevas-oportunidades-para-la-digitalizacion/embed/#?secret=GCZhZbv4Wo" width="600" height="338" title="&#8220;Nuevas oportunidades para la digitalización: Guía Completa del KIT DIGITAL &#8211; Tour Territorio&#8221; &#8212; Cámara de Comercio de Valencia" data-secret="GCZhZbv4Wo" frameborder="0" marginwidth="0" marginheight="0" scrolling="no" class="wp-embedded-content"></iframe><script>
/*! This file is auto-generated */
!function(d,l){"use strict";l.querySelector&&d.addEventListener&&"undefined"!=typeof URL&&(d.wp=d.wp||{},d.wp.receiveEmbedMessage||(d.wp.receiveEmbedMessage=function(e){var t=e.data;if((t||t.secret||t.message||t.value)&&!/[^a-zA-Z0-9]/.test(t.secret)){for(var s,r,n,a=l.querySelectorAll('iframe[data-secret="'+t.secret+'"]'),o=l.querySelectorAll('blockquote[data-secret="'+t.secret+'"]'),c=new RegExp("^https?:$","i"),i=0;i<o.length;i++)o[i].style.display="none";for(i=0;i<a.length;i++)s=a[i],e.source===s.contentWindow&&(s.removeAttribute("style"),"height"===t.message?(1e3<(r=parseInt(t.value,10))?r=1e3:~~r<200&&(r=200),s.height=r):"link"===t.message&&(r=new URL(s.getAttribute("src")),n=new URL(t.value),c.test(n.protocol))&&n.host===r.host&&l.activeElement===s&&(d.top.location.href=t.value))}},d.addEventListener("message",d.wp.receiveEmbedMessage,!1),l.addEventListener("DOMContentLoaded",function(){for(var e,t,s=l.querySelectorAll("iframe.wp-embedded-content"),r=0;r<s.length;r++)(t=(e=s[r]).getAttribute("data-secret"))||(t=Math.random().toString(36).substring(2,12),e.src+="#?secret="+t,e.setAttribute("data-secret",t)),e.contentWindow.postMessage({message:"ready",secret:t},"*")},!1)))}(window,document);
</script>

¿Qué es el Tour Territorio Digital? Jornadas y talleres de temática de digitalización que se realizarán durante todo el año y en diferentes municipios. Cámara Valencia en colaboración con Diputación de Valencia realizan la 4ta edición del Tour Territorio Digital, que tiene como novedad la realización de eventos durante todo el año y en distintos municipios de la provincia de Valencia.  Con el objetivo de seguir activando y dinamizando el tejido empresarial valenciano, fomentar su innovación y apoyar el cambio de sus procesos de negocio, durante el 2023 todos los eventos y jornadas serán específicos y adaptados a las necesidades de las empresas.
