{"version":"1.0","provider_name":"C\u00e1mara de Comercio de Valencia","provider_url":"https:\/\/dev.camaravalencia.com\/va\/","author_name":"\u00c1rea Competitvidad","author_url":"https:\/\/dev.camaravalencia.com\/va\/author\/competitividad\/","title":"Com estalviar en la teua factura energ\u00e8tica? - C\u00e1mara de Comercio de Valencia","type":"rich","width":600,"height":338,"html":"<blockquote class=\"wp-embedded-content\" data-secret=\"RxN3fboi1l\"><a href=\"https:\/\/dev.camaravalencia.com\/va\/jornadas\/com-estalviar-en-la-teua-factura-energetica\/\">Com estalviar en la teua factura energ\u00e8tica?<\/a><\/blockquote><iframe sandbox=\"allow-scripts\" security=\"restricted\" src=\"https:\/\/dev.camaravalencia.com\/va\/jornadas\/com-estalviar-en-la-teua-factura-energetica\/embed\/#?secret=RxN3fboi1l\" width=\"600\" height=\"338\" title=\"&#8220;Com estalviar en la teua factura energ\u00e8tica?&#8221; &#8212; C\u00e1mara de Comercio de Valencia\" data-secret=\"RxN3fboi1l\" frameborder=\"0\" marginwidth=\"0\" marginheight=\"0\" scrolling=\"no\" class=\"wp-embedded-content\"><\/iframe><script>\n\/*! This file is auto-generated *\/\n!function(d,l){\"use strict\";l.querySelector&&d.addEventListener&&\"undefined\"!=typeof URL&&(d.wp=d.wp||{},d.wp.receiveEmbedMessage||(d.wp.receiveEmbedMessage=function(e){var t=e.data;if((t||t.secret||t.message||t.value)&&!\/[^a-zA-Z0-9]\/.test(t.secret)){for(var s,r,n,a=l.querySelectorAll('iframe[data-secret=\"'+t.secret+'\"]'),o=l.querySelectorAll('blockquote[data-secret=\"'+t.secret+'\"]'),c=new RegExp(\"^https?:$\",\"i\"),i=0;i<o.length;i++)o[i].style.display=\"none\";for(i=0;i<a.length;i++)s=a[i],e.source===s.contentWindow&&(s.removeAttribute(\"style\"),\"height\"===t.message?(1e3<(r=parseInt(t.value,10))?r=1e3:~~r<200&&(r=200),s.height=r):\"link\"===t.message&&(r=new URL(s.getAttribute(\"src\")),n=new URL(t.value),c.test(n.protocol))&&n.host===r.host&&l.activeElement===s&&(d.top.location.href=t.value))}},d.addEventListener(\"message\",d.wp.receiveEmbedMessage,!1),l.addEventListener(\"DOMContentLoaded\",function(){for(var e,t,s=l.querySelectorAll(\"iframe.wp-embedded-content\"),r=0;r<s.length;r++)(t=(e=s[r]).getAttribute(\"data-secret\"))||(t=Math.random().toString(36).substring(2,12),e.src+=\"#?secret=\"+t,e.setAttribute(\"data-secret\",t)),e.contentWindow.postMessage({message:\"ready\",secret:t},\"*\")},!1)))}(window,document);\n<\/script>\n","thumbnail_url":"https:\/\/dev.camaravalencia.com\/wp-content\/uploads\/2024\/06\/15072024-BANNER_DESTACADO_EN-250x200-1.jpg","thumbnail_width":258,"thumbnail_height":206,"description":"Brindar ferramentes per a aconseguir estalvis en la factura d'electricitat.  Mostrar les \u00faltimes tecnologies disponibles per a beneficiar-se amb l'\u00fas eficient de l'energia.  Introducci\u00f3 a comunitats energ\u00e8tiques per a reducci\u00f3 del cost en la\u00a0 factura el\u00e8ctrica.  Presentaci\u00f3 del programa Negoci Local Sostenible, com a ferramenta de diagn\u00f2stic i estalvi, per a comer\u00e7os a cost zero.  Presentaci\u00f3 de casos d'\u00e8xit en comer\u00e7os, aplicant estos conceptes, amb molt bons resultats."}

Cámara de Comercio de Valencia

Área Competitvidad

Com estalviar en la teua factura energètica? - Cámara de Comercio de Valencia

<blockquote class="wp-embedded-content" data-secret="RxN3fboi1l"><a href="https://dev.camaravalencia.com/va/jornadas/com-estalviar-en-la-teua-factura-energetica/">Com estalviar en la teua factura energètica?</a></blockquote><iframe sandbox="allow-scripts" security="restricted" src="https://dev.camaravalencia.com/va/jornadas/com-estalviar-en-la-teua-factura-energetica/embed/#?secret=RxN3fboi1l" width="600" height="338" title="&#8220;Com estalviar en la teua factura energètica?&#8221; &#8212; Cámara de Comercio de Valencia" data-secret="RxN3fboi1l" frameborder="0" marginwidth="0" marginheight="0" scrolling="no" class="wp-embedded-content"></iframe><script>
/*! This file is auto-generated */
!function(d,l){"use strict";l.querySelector&&d.addEventListener&&"undefined"!=typeof URL&&(d.wp=d.wp||{},d.wp.receiveEmbedMessage||(d.wp.receiveEmbedMessage=function(e){var t=e.data;if((t||t.secret||t.message||t.value)&&!/[^a-zA-Z0-9]/.test(t.secret)){for(var s,r,n,a=l.querySelectorAll('iframe[data-secret="'+t.secret+'"]'),o=l.querySelectorAll('blockquote[data-secret="'+t.secret+'"]'),c=new RegExp("^https?:$","i"),i=0;i<o.length;i++)o[i].style.display="none";for(i=0;i<a.length;i++)s=a[i],e.source===s.contentWindow&&(s.removeAttribute("style"),"height"===t.message?(1e3<(r=parseInt(t.value,10))?r=1e3:~~r<200&&(r=200),s.height=r):"link"===t.message&&(r=new URL(s.getAttribute("src")),n=new URL(t.value),c.test(n.protocol))&&n.host===r.host&&l.activeElement===s&&(d.top.location.href=t.value))}},d.addEventListener("message",d.wp.receiveEmbedMessage,!1),l.addEventListener("DOMContentLoaded",function(){for(var e,t,s=l.querySelectorAll("iframe.wp-embedded-content"),r=0;r<s.length;r++)(t=(e=s[r]).getAttribute("data-secret"))||(t=Math.random().toString(36).substring(2,12),e.src+="#?secret="+t,e.setAttribute("data-secret",t)),e.contentWindow.postMessage({message:"ready",secret:t},"*")},!1)))}(window,document);
</script>

Brindar ferramentes per a aconseguir estalvis en la factura d'electricitat.  Mostrar les últimes tecnologies disponibles per a beneficiar-se amb l'ús eficient de l'energia.  Introducció a comunitats energètiques per a reducció del cost en la  factura elèctrica.  Presentació del programa Negoci Local Sostenible, com a ferramenta de diagnòstic i estalvi, per a comerços a cost zero.  Presentació de casos d'èxit en comerços, aplicant estos conceptes, amb molt bons resultats.
